7 + 3 - -47 - 43).
-45
What is 135 + -102 + -54 - 0?
-21
Calculate -119 + 169 - (-68 + 18).
100
Calculate 10 + 3 + -31 - (107 + -99).
-26
What is the value of -3 + 10 - ((2 - 19) + 212 + -172)?
-16
What is the value of 0 - 3 - (-19 + 42 + (-9 - 1))?
-16
Evaluate -16 - -1 - (113 + (1 - 15) + 17 + -29).
-102
What is the value of -91 - (-22 - (-50 + 8)) - -26?
-85
What is the value of (-4 - -1) + (24 - -4) - (-80 + -4 + 90)?
19
What is the value of (4 - (19 + -10 - (0 + -8))) + 92 + 9?
88
What is 1 + 2 + -23 + -2 + -21?
-43
Evaluate -11 - 3 - ((-30 - -27) + 47 - 18).
-40
What is 1 + (1 - 94) + 4 + 6 + (8 - -1)?
-73
What is 95 - (12 + (-1 - -4) + (-282 - -269))?
93
34 + -2 + 1 - (-57 + 51 + 16)
23
What is 49 + 2 + -2 - ((-243 - -423) + -201)?
70
What is 57 + (-37 - (17 + 31))?
-28
What is the value of 8 - (25 - 29 - -7 - (5 + 3 + -5))?
8
What is the value of (47 - -6) + -20 - (192 + -44)?
-115
6 - (-127 - -46 - (-12 + -13))
62
Evaluate (-62 - -30 - 3) + 3 + (6 - -1).
-25
Calculate ((-5 - -9) + -5 - -1) + -145 + -14 + 31.
-128
What is 9 + (-18 - 19 - -31 - (1 - -15))?
-13
What is -70 + 64 + 11 + (3 - -8) + -11?
5
What is 9 + -23 + -21 + 33 + 3 + -14 + 25?
12
What is the value of -547 - -554 - (-69 - -7)?
69
(4 + -4 - -3) + (10 - (10 - (-6 + 16)))
13
Evaluate 25 + (-23 - (-38 - 1)).
41
What is the value of (1 + -2 - 12) + (-52 - -58) - 4?
-11
What is 14 - ((5 - (4 + -5)) + -18 + 20)?
6
Evaluate -29 - (-4 - (-22 + 0 + (-7 - -13))).
-41
Calculate 13 + 19 - (14 - 2).
20
What is the value of 6 - (-41 - -63) - -45?
29
What is 13 - (-56 - (-12 + (-11 - -24)) - -15)?
55
What is (0 - -116) + (62 + -53 - (5 + -7)) + -12?
115
Evaluate 58 - (83 - (-26 + 86)).
35
What is the value of (7 - (65 + -41)) + -24?
-41
Evaluate -44 + (21 + 0 - -27).
4
What is (-22 - -14 - (6 + -4)) + 1?
-9
-16 - (14 - (13 - -23)) - 47
-41
What is the value of 7 - (47 - 46 - (-101 + -10))?
-105
73 + -2 - (-19 + 23 + -3 + 10)
60
What is 12 - -1 - (-38 - (4 - 28) - 13)?
40
What is 6 - 19 - -27 - (-8 - 7)?
29
74 + (-5 - -6 - (1 + -1 + 11 - -1))
63
Calculate (16 - (4 + -2) - 1 - 6) + 12.
19
Calculate 5902 + -5906 + -1 + 9 + 0 + -2.
2
What is the value of -9 - -94 - 6 - 0 - (-39 - -42)?
76
What is the value of (11 - -48) + 29 + 52?
140
Calculate 7 - (44 + (-24 - -7)) - -37.
17
Calculate 87 + -81 - (-35 + 4 - -5 - (1 + -3)).
30
What is the value of -11 - -1 - (21 + -51 - (-1 - (72 - 31)))?
-22
-6 + (-3 - -11) + (-89 - -105)
18
What is the value of (-39 + 1 - (2 + -3)) + 2 + -9765 + 9758?
-42
(41 - 29 - 69) + 12
-45
What is -1 + -12 + -8 + 31 - -70?
80
What is -62 + 15 + 38 + 9?
0
What is (28 - 34 - (-7 + 1 - (-18 - -19))) + -52?
-51
Evaluate 70 + -83 - (37 - ((0 - 0) + -2)).
-52
What is the value of (-353 - -354) + 0 + -1 + 3 + -67?
-64
Evaluate 5 + 4 + -17 + 3 - (-52 - 1).
48
What is the value of -35 + -12 + (-23 - -1 - -14)?
-55
Calculate -122 + -17 + -79 + 128.
-90
Evaluate -1 - (-12 + -31 + 10 - -9).
23
What is the value of 24 + (-17 - -35) + -12?
30
Evaluate -8 + (14 + -19 + 15 - -2 - -28).
32
What is -1 + 75 + -28079 + 28025?
20
What is (1 - (-15 - -1)) + (-25623 - -25664)?
56
What is (-17 - (1 + 0)) + (-1754 + 1716 - (-42 + 0))?
-14
7 + (1 - -7) + -188 + 126 + 9
-38
What is (-83 - 2 - -1) + 52 + (-86 - (-17 - 30))?
-71
Calculate 30 - (-39 + 8 + 2 - -34).
25
What is -6 - (-52 + 119) - -36?
-37
4 + (102 - (9 + 68))
29
What is the value of (-1 - -1) + 0 + -172 + 173 - 80?
-79
Calculate (-61 - -12 - 6) + -14 + -16 + 8.
-77
Calculate -19 - 43 - (-378 - -410).
-94
Evaluate 255 - 223 - (5 - -23).
4
(40 - (-14 + 56)) + 4 + (-3 + -1 - -66)
64
137 - 99 - (-4 - (-23 + -4))
15
Calculate 29 + (-8 - (72 - 30)).
-21
(7763 - 7698) + (1 - -1) + -12
55
Evaluate (-6 - -10) + (128 - 0) + 742 + -747.
127
Calculate -105 + 143 - 31 - (89 + 0 + -1).
-81
Evaluate 96 + 13 - (-38 + 93 + -35).
89
What is the value of 66 - (79 - (-49 + 41))?
-21
Calculate (33 - (-36 - -26)) + (7 - 2 - 1 - 3).
44
What is the value of 47 + (56 - 69 - 53)?
-19
What is the value of -10 - (8 + -2 + (9 + 5 - 14) + 9)?
-25
Evaluate (5 - 3) + -10 + (124 - 72) + -3.
41
What is 395 + -386 - (-1 + -4 + (-1 - 1) - -1)?
15
Evaluate -22 - (52 + (-187 - -86)).
27
What is the value of 674 - 657 - (1 - 3) - 86?
-67
-25 + 0 - (-189 + 234 - 129)
59
Evaluate -95 - (-104 - -62 - 67).
14
-1 + (-110 - (-129 - -11))
7
Calculate (-14 - 89) + 230 + -5.
122
(-20 + -19 - -24 - -41) + -129
-103
What is the value of (197004 - 196981) + (0 - (1 + -2 - (-18 - -2)))?
8
What is -19 - (-21 - 22 - 19)?
43
Calculate -34 + 41 + 2 + 21.
30
What is 10 + -6 + (-2 - (11 - 38) - -7)?
36
What is the value of (-50 + 2 - (-763 + 794)) + (0 - -15)?
-64
What is the value of (1 - 0) + 4404 + -4308?
97
Calculate -97 + -27 + 16 + (-5 - -15) + -5 + 0.
-103
Evaluate 40 + 18 - (-9 + 5 - -1 - (1 + -6)).
56
What is -1213 + 1206 - ((2 - -1) + -4 + -39)?
33
What is the value of -44 - -52 - 58 - -11?
-39
What is the value of 42 - ((17 - 4) + (-33 - -180))?
-118
Evaluate -87 + 40 - -54 - (86 + 1 - 0) - -3.
-77
Calculate -7 + (-58 - (39 + -94)).
-10
Calculate -11 - -14 - -6 - (-8 + (4 - -1) + -8).
20
What is 4 - (-10 - (-10 - 11)) - (3 + -21)?
11
Evaluate (44 - 36) + 24 + -79 + -13.
-60
(-2 - 0) + (-43 - -50) + -22
-17
What is the value of -6 - ((-3 - (-3 + -9)) + -40 - (-12 - -14))?
27
1 - -1 - 16 - (6 + -9 - 10 - -12)
-13
Calculate -13 - (393 + -383 - (0 + 1)).
-22
What is the value of -98 + 72 + 29 + 9 - (-5 + 119)?
-102
What is (0 - (73 + -10)) + 118?
55
Calculate -2 + 1 - (-19 + 1 + -3).
20
Evaluate -19 + (29 - 64) + (-14 - 1) + -5.
-74
-38 - (29 - 77 - -110)
-100
Evaluate (-7 - -3) + -140 + 158.
14
What is 58 + (1 - -15) + -45 + 56?
85
83 + 52 + -114 + -65 + -2
-46
(-151 - (111 - 218)) + -80
-124
Calculate -648 + 612 - (0 - (-37 + 2)).
-71
-4 - ((-23 - -31) + -4 + -28)
20
Calculate 10 - 35 - (-59 + -55).
89
Evaluate -31 - (2 + 2 + -4 + -193 + 186).
-24
What is the value of -2 - 8 - ((-3 + 5 - (-2 + 6)) + -61)?
53
Evaluate -23 + 39 + -97 + 39 - 57.
-99
Calculate -83 + 122 + 30 + -14.
55
Calculate -68 + -67 + 135 + 34.
34
Calculate (-16 - 1) + -8 - -15.
-10
Evaluate ((32 - -4) + -7 - -1) + 38.
68
Calculate 59 - ((2 - (-3 + 1)) + (29 - (-17 + 42))).
51
What is (-26 - 25) + 111 + 0?
60
Calculate (-44 - (35 + -128)) + -14.
35
Calculate 33 + -60 - -26 - -46.
45
What is the value of -9 - (-23 + 12) - (20 + 0)?
-18
What is the value of -163 + 178 + (-125 - 14)?
-124
Evaluate -18 - -35 - (7 + -9) - 61.
-42
(-7 - -4) + 59 - (-947 - -938)
65
-2 + -4 + -2 - -3 - (58 + -128 - -167)
-102
What is the value of 37 + -11 + -32 - -5?
-1
Calculate 17 - (-8 + -1 - -58).
-32
What is 34 + -25 + 6 + 19 + -59?
-25
What is (13 + 8 + -7 - (-1 + -111)) + -13?
113
Calculate (-9 - (-16 + 10) - 15) + (1 - (-11 - -7)).
-13
Evaluate -108 - ((-69 - -135) + -174).
0
What is the value of -40 + (10 - -19) + -30?
-41
What is (15 - -30) + 49 - 55?
39
What is -187 - -174 - (-2 + 2 - 8) - (19 - 0)?
-24
What is the value of 15 - (88 - (1 - (-36 + 15)))?
-51
Calculate 54 - (6 + 3) - -14 - (-9 - -4 - 2).
66
What is -21 + 2 + -3 + (41 - 43 - -13)?
-11
What is the value of 56 - (3 - -39) - 92?
-78
3 + 2 + -8 + (-24 - (2 - (3 + 0)))
-26
What is (130 - 1) + (399 - 468)?
60
Calculate 18 + -11 + (-1 - 9) + 72 + 2 + -4.
67
What is (-91 - -74) + 114 + -132?
-35
What is the value of 28 - (9 - -9 - (161 - 97))?
74
What is -24 + 17 + -91 + 62?
-36
What is the value of -72 - -150 - 78 - 30?
-30
-78 + 53 - -79 - 42
12
-9 + (-36 - (-11 - 47))
13
Calculate 86 + (-213 - -235) + (5 - 36).
77
Calculate -27 + (-1001 - -1001 - (-48 + -1)).
22
What is the value of 26 + (16 - 4 - (-3 + 26))?
15
What is the value of 21 - 1 - ((-105 - -149) + 61 + -34)?
-51
Evaluate -3 + 10 + (1 - (18 + -9 + -2 - -2)).
-1
What is -40 + (-2 - -4) + (7 - (26 - 21))?
-36
-6 - (-4 - 10) - (-216 - -116)
108
Calculate 142 - (3 + -8) - (22 - -18 - 27).
134
What is the value of (24 - (-16 - (-8 + -17))) + 17?
32
Evaluate (16 + -5 - 8) + 61 + 0 + 1697 + -1688.
73
Calculate -13 + -1 + -20 + -6 + 0.
-40
(-12 - -19) + 7 + -1 + (-347 - -326)
-8
Evaluate (-3 - -6) + 41 - (0 + 2 - (-54 + 53)).
41
What is 32 - (229 + 48 + -131)?
-114
What is (-1 - 2) + (-16 + 3 - ((-140 - -22) + 37))?
65
(4 - 20) + (-74 - (12 + 16)) + 44
-74
(-62 - -80 - 31) + 18 + 1 - (119 - 0)
-113
What is -50